w) = 6*w + 2. Determine y(s).
14
Let u = -223 + 225. Let w(j) = -3*j + 4*j + 5*j + 5*j**u - j**3 - 5 - j + 2. Suppose 4*k + 6 - 48 = -5*y, -2*y + 18 = 2*k. Calculate w(y).
-9
Suppose -186 = -613*t + 582*t. Let d(n) be the third derivative of 0*n + 0*n**3 + 0*n**4 + 0 - 23*n**2 + 1/60*n**5 - 1/60*n**t. Calculate d(-1).
3
Let x = 74 - 96. Let y be (-18)/(-81) - (-3 - x/18). Let r(f) = 2*f**3 - 3*f**2 + 2. What is r(y)?
6
Let w(k) = 10*k**2 - 8*k + 1. Let m(c) = -3*c**2 + 2*c. Suppose -56*r + 45*r = 22. Let l(q) = r*w(q) - 7*m(q). Give l(-4).
6
Let g(o) = 148 - 2*o**2 - 52 - 56 - 15*o + o**2 - 54. Determine g(-6).
40
Let z(g) = g**2 - g + 16. Let t(x) = -x**3 + 2*x**2 - 46*x + 92. Let w be t(2). What is z(w)?
16
Let t(q) be the second derivative of q**4/12 - 5*q**3/6 + 6*q**2 + q. Suppose -965*w = -1180*w + 860. Determine t(w).
8
Let p(x) = -15*x + 4. Let g(l) = 7*l - 2. Let j(v) = -13*g(v) - 6*p(v). Suppose -8*i - 25*i + 594 = 0. Suppose -80*c - i*c - 392 = 0. Determine j(c).
6
Let x(w) be the third derivative of -w**4/4 + 25*w**3/3 - w**2 - 91*w. What is x(7)?
8
Let x be 4/22 - (-442)/(-561)*-15. Let c(p) = 6*p**2 - p**3 + x*p + 2 + 0*p**2 - p**2 - 2*p**2 - 2*p. Calculate c(5).
2
Suppose -5*t - 18*f + 16*f + 32 = 0, -f = -1. Let w(p) = 12*p - 63. Determine w(t).
9
Let p(d) = -10*d - 2. Suppose -274*h + 440 = -318*h. Calculate p(h).
98
Let k(z) = 6*z - 18. Suppose 0 = 72*j + 10*j + 492. Calculate k(j).
-54
Let k(c) = -3*c - 1 + 5 - 2. Let v(y) = -14*y - 44. Suppose 0 = -80*b + 82*b - 5*t + 21, -5*b + t = 18. Let u be v(b). Calculate k(u).
8
Let h(c) = 2*c**2 - 5. Suppose -4*a - a - 20 = 0. Suppose 2*f + 2*y - 31 = -29, 2*y + 8 = 0. Let g(i) = 2*i**2 - 6. Let w(x) = a*g(x) + f*h(x). What is w(2)?
7
Let k(v) = -5*v - 8 - v**3 - 2 + 13*v**2 - 21*v**2. Let n be ((-39)/(-6))/(4 + (-14)/4). Suppose 0 = -5*g + f - 11 - 28, -5*f + n = g. What is k(g)?
-24
Let a = -174 + 177. Let q be (a + -8 - -6)/(1/(-3)). Let i(l) = 4*l + 3. What is i(q)?
-9
Suppose -38*j + 593 - 137 = 0. Let y(b) = -3*b**2 + 36*b - 6. Give y(j).
-6
Let u be -5 - (-3 + (-48)/15 + 276/230). Let y(q) be the second derivative of 13/20*q**5 + 0*q**4 + u*q**2 + 3*q - 6 + 0*q**3. Determine y(-1).
-13
Let b be (-1344)/256 + (-3 - (-39)/12). Let u(m) = -8*m - 9. Give u(b).
31
Let h(p) be the third derivative of -10/3*p**3 + 1/120*p**6 + 4/15*p**5 + 7/12*p**4 + 0 + 50*p**2 - 2*p. Determine h(-15).
-5
Let c(k) = 62*k - 52. Let d(v) = 25*v - 27. Let f(q) = 3*c(q) - 7*d(q). Calculate f(-4).
-11
Let p = 3684 - 3700. Let o(k) = -k**3 - 14*k**2 + 32*k + 3. Determine o(p).
3
Let d(p) = -2*p - 6. Let y = -44 + 50. Suppose 10*b - y*b - 12*b = 0. Determine d(b).
-6
Let h be (30/216)/(650/39). Let z(x) be the third derivative of -1/2*x**3 - 4*x**2 + 1/10*x**5 + 0*x + 0 - 5/24*x**4 - h*x**6. What is z(5)?
-3
Let z(q) = 19 + 2*q**2 - 29 - 49*q + 7*q. Give z(21).
-10
Let o = 1024 - 1023. Let x(r) = r**3 + r. Let d(h) = 10*h**3 + h**2 + 7*h - 2. Let m(l) = -d(l) + 6*x(l). What is m(o)?
-4
Let b(v) be the second derivative of -v**7/210 - v**6/180 + v**4/24 - 8*v**3 - 2*v - 12. Let l(f) be the second derivative of b(f). Determine l(-1).
3
Let n(d) be the first derivative of d**4/4 - 2*d**3 - 19*d**2/2 + 15*d + 6. Let g(z) = 17*z - 43. Let x be g(3). Let o be n(x). Let p(r) = r + 5. What is p(o)?
-4
Let x(s) be the second derivative of -s**3/6 - 2*s**2 + 6986*s - 2. Let h be -2 - (2 + -1 + 2). Calculate x(h).
1
Suppose -7*u - 6894 + 6810 = 0. Let a(b) = -b - 15. What is a(u)?
-3
Let g(i) = 5*i + 61. Suppose 0 = -l - y - 10, -2*l - 14*y + 19*y - 41 = 0. Determine g(l).
-4
Suppose -34*x + 346 = 74. Let o(i) = -i**3 + 8*i**2 + i - 6. Calculate o(x).
2
Let w(q) = -17*q + 5. Let c be (-63)/(-18)*((-48)/(-7) - 6). Determine w(c).
-46
Let c(a) = 3*a + 1. Let k(x) = 9*x + 3. Let p(s) = -17*c(s) + 6*k(s). Let w = -70622 + 70628. Calculate p(w).
19
Let k be -10 - ((-7 - -12) + 4/(-2)). Let y be 2*1 + (13 - -1) + k. Let d(b) = -b**2 - 4*b + 1. Give d(y).
-20
Let m = -375 - -375. Suppose m = 6*t - 14*t + 16. Let s(a) = -3*a**2 + 4*a - 3. What is s(t)?
-7
Let n(u) = -3*u. Let l be n(2). Let p(z) = z**2 + 4*z - 10. Let d be p(l). Let r(b) = 4 + 15*b**2 - 7*b**2 - b - 5*b**d - 4*b. Give r(3).
16
Let a(v) be the second derivative of v**2 - 28*v + 1/6*v**3 + 0. Calculate a(-7).
-5
Let m(t) = -7*t**2 - t - 32. Let z(g) = -19*g**2 - 3*g - 95. Let i(l) = -8*m(l) + 3*z(l). Suppose -18*f + 12*f = -4*f. Determine i(f).
-29
Suppose 216 = 4*n - 5*p, -200 = -4*n - 3*p + 4*p. Let a = n - 43. Let o be (12/9)/(a/18). Let w(u) = -2*u. Give w(o).
-8
Let o(w) = 16*w**2 + 2*w + 6. Let i be (126/(-105))/((-16)/(-10))*4. What is o(i)?
144
Suppose -5*n + 35 = 2*y - 6*y, y = -3*n + 4. Suppose c = 2*r - 9, -n*r + 4*c + 31 = -c. Let s(q) = 7*q - 4*q**2 + 12*q**r - q**2 + 2 + q**3. What is s(-6)?
-4
Let o(a) = 4*a**3 - 51*a**2 - 95*a + 57. Let b(j) = -j**3 + 12*j**2 + 23*j - 14. Let c(k) = 25*b(k) + 6*o(k). Let m be 2/((8/14)/(-2)). Calculate c(m).
6
Let w(y) = y**2 - 8*y + 10. Suppose -3*v - 3*c + 117 = 0, -2*v - c - 66 = -140. Suppose 2*g = 7*g - v. Calculate w(g).
3
Let z = -26 - -44. Let d = 21 - z. Let p(q) be the third derivative of q**6/120 - q**5/15 + q**4/8 + 2*q**3/3 + 438*q**2. Determine p(d).
4
Let c(n) be the first derivative of 52 - 4*n + 1/2*n**2. What is c(-8)?
-12
Let r(d) = -d**2 + 1. Let j(c) = -5*c**2 + 4*c + 4. Let x(m) = -j(m) + 6*r(m). Let a(l) = 4*l + 112. Let w be a(-29). Determine x(w).
2
Let u(q) be the second derivative of 1/2*q**2 + 2*q**4 + 0 + 14*q - 1/6*q**3. Let z(g) = -2*g - 3. Let d be z(-2). Determine u(d).
24
Let x(h) = h**2 - 11*h + 26. Let g be (2 - 11/5)/(177/(-3540)). What is x(g)?
-2
Let b(q) be the third derivative of -q**6/360 - q**5/20 + 3*q**4/8 - 11*q**3 - 38*q**2. Let l(t) be the first derivative of b(t). Give l(-8).
-7
Let q(t) = t**3 + 6*t**2 + 6*t. Let d be q(-4). Let y(n) be the third derivative of -n**6/120 + 2*n**5/15 + 7*n**3/6 + 2*n**2 - 41*n - 10. Calculate y(d).
7
Let s(r) be the third derivative of r**6/144 + 7*r**5/120 - 5*r**4/24 - 3*r**3 - 200*r**2. Let k(n) be the second derivative of s(n). Give k(-6).
-23
Let t(n) = -n**2 + 7*n - 8. Suppose -6*u + 170 = -5*u. Let z = u + -163. Determine t(z).
-8
Suppose -113*q = -108*q - 25. Let l(n) = 9*n - 4. Determine l(q).
41
Let o(q) = -9*q**2 - 38*q - 4. Suppose -g = 2*p + 2*p + 4, 0 = 4*p. What is o(g)?
4
Let j = -8395 + 8403. Let v(q) = q**2 - 7*q - 14. Calculate v(j).
-6
Let z(k) = -k + 3. Let a be 240/70 - (-6)/(-14). Suppose -a*p + 54 = -30. Suppose -30 = 23*t - p*t. Determine z(t).
-3
Let s(f) = f**2 + 552*f - 1 - 552*f. Let v be 2/14*-4 + 260/14. Suppose 4*m + 3*n = v, -3*n = -m + 1 - 4. What is s(m)?
8
Let a = -14 + 4. Let x = 610 - 603. Let s(w) = x + 3 - 10*w - 10 + 0 - w**2. Calculate s(a).
0
Let m(j) = -3*j**2 - j - 3. Let k(n) = 7*n**2 + 4*n + 6. Let z(f) = -2*k(f) - 5*m(f). Let q be z(3). Let i(w) = -2*w**2 - w + 4. What is i(q)?
-17
Let v(q) = -2*q + 182 - 259 + 90. Determine v(-10).
33
Suppose 167 = 31*r - 143. Let t(i) = i - 197 - 202 + 396. What is t(r)?
7
Let n = 170 - 166. Suppose -n*j + 39 - 7 = 0. Let b(f) = -f**2 + 6*f + 8. Determine b(j).
-8
Suppose 0 = 17*m + 25*m + 126. Let p(b) = b**2 + 6*b + 2. Let c(n) = -n**2 - 7*n - 2. Let j(d) = m*c(d) - 4*p(d). Give j(-3).
-2
Let v(s) = 31*s**2 + 15*s - 32. Let d(l) = -14*l**2 - 7*l + 10. Let j(u) = 11*d(u) + 5*v(u). What is j(-6)?
-2
Let h(k) = 29 - 54 + 38 - k + 19*k**2 + k**2 - 2*k**3. Let g be h(10). Let l(p) = -3*p + 4. Determine l(g).
-5
Let h = -185 + 194. Suppose h*p + 7 = -2. Let w(c) = -9*c**2 - c. Calculate w(p).
-8
Let b be 6/(-4) - (9 + 110/(-20)). Let f(r) = r + 2. Let d(u) = -2*u - 2. Let s(z) = z**2 - 7*z. Let w be s(6). Let y(k) = b*d(k) + w*f(k). Determine y(4).
14
Let n(y) = -6*y**2 - 2*y - 5. Let g = -7217 - -7214. Calculate n(g).
-53
Suppose c = 5*t - 14 - 7, t - 2*c = 6. Let q(a) = a + t*a - 6*a. Let g be 0 - (3 - 1 - 0). What is q(g)?
2
Let h be 4/6*(14 + 6 + -8). Let z(r) = r**2 - 8*r + 2. Let s be z(h). Suppose -s*v = -v + 4. Let p(j) = -j**3 - 4*j**2 - j. Determine p(v).
4
Let s(w) = 2*w**2 + 21*w + 2. Let k be 5850/780*(-8)/6. Determine s(k).
-8
Let m(d) = -11*d + 6. Let s(h) = -6*h + 3. Let a(q) = -3*m(q) + 5*s(q). Let u be 5/12*61968/6455. Calculate